*m + 14891. Give q(41).
254
Let y(k) = -26659*k**2 - 159946*k + 47. Determine y(-6).
-1
Let a(z) = -1151*z + 5354. Determine a(6).
-1552
Let l(f) = 8800*f + 1293682. Calculate l(-147).
82
Let d(g) = -77*g**2 + 583*g + 5438. What is d(13)?
4
Let b(c) = c**3 - 15*c**2 - 127*c + 1357. Give b(17).
-224
Let f(m) = -39053*m + 78187. What is f(2)?
81
Let d(f) = -10*f**3 + 2008*f**2 + 168*f + 47029. What is d(201)?
-5
Let r(g) = -1038*g + 4241. Calculate r(4).
89
Let o(h) = -83*h**3 + 378*h**2 + 168*h + 51. Determine o(5).
-34
Let u(x) = x**3 - 46*x**2 + 167*x - 36. Give u(42).
-78
Let m(a) = -821*a - 6607. Calculate m(-8).
-39
Let p(x) = -x**3 + 1375*x**2 + 9647*x - 124. Calculate p(-7).
65
Let r(f) = -1273*f - 80152. Calculate r(-63).
47
Let r(z) = -329*z - 24723. Calculate r(-74).
-377
Let s(o) = 436*o + 77605. What is s(-178)?
-3
Let q(j) = 1759*j - 14578. Calculate q(7).
-2265
Let u(h) = 126*h - 422. Calculate u(2).
-170
Let a(g) = -g**3 + 117*g**2 - 271*g + 4786. Give a(115).
71
Let s(w) = -109*w - 3919. Calculate s(-40).
441
Let i(k) = 106441*k + 106271. Determine i(-1).
-170
Let f(l) = 15252*l - 8663141. What is f(568)?
-5
Let g(l) = -76*l + 204. Determine g(17).
-1088
Let u(f) = 1739*f - 18088. Calculate u(10).
-698
Let c(s) = 2*s**3 + 18*s**2 - 11*s - 96. Give c(-9).
3
Let w(q) = 4*q**3 + 86*q**2 - 130*q + 20. What is w(-23)?
-164
Let j(n) = 3952*n - 134229. What is j(34)?
139
Let y(l) = 18*l**3 - 844*l**2 + 3699*l - 129. Determine y(42).
-3
Let o(z) = 7*z**3 + 1345*z**2 + 191*z - 190. Calculate o(-192).
2
Let z(w) = -w**3 - 128*w**2 - 694*w - 9719. What is z(-123)?
-2
Let s(n) = 62*n**2 + n - 40. What is s(1)?
23
Let l(g) = -25*g**2 - 33944*g - 101851. Give l(-3).
-244
Let k(p) = 6*p**2 + 23*p - 14328. Give k(47).
7
Let v(s) = -s**3 + 64*s**2 + 180*s - 1211. Calculate v(67).
-2618
Let g(b) = -10*b**3 - 13*b**2 - 38*b - 33. Calculate g(-2).
71
Let t(y) = -286*y - 69776. Determine t(-244).
8
Let p(h) = h**3 - 409*h**2 - 586*h + 72149. Give p(410).
-11
Let t(w) = -4*w**3 + 7626*w**2 + 15307*w + 76. Determine t(-2).
-2
Let m(a) = 138*a**3 + 6*a**2 - 24*a - 26. Give m(-1).
-134
Let y(o) = 32*o**2 - 6128*o + 3058. Calculate y(191).
2
Let t(m) = m**3 + 39*m**2 - 58*m + 7120. Calculate t(-44).
-8
Let b(l) = -l**3 + 132*l**2 - 279*l + 2413. Determine b(130).
-57
Let n(j) = -7*j**2 + 3642*j - 328300. Give n(116).
-20
Let q(m) = 1751823*m + 12262747. Determine q(-7).
-14
Let p(t) = 70785*t - 70784. What is p(1)?
1
Let l(d) = 20904*d - 125393. What is l(6)?
31
Let m(d) = 2*d**3 + 31*d**2 + 201*d + 1508. Give m(-10).
598
Let p(z) = z**3 - 61*z**2 - 112*z - 1040. Give p(63).
-158
Let g(y) = y**3 + 2*y**2 - 41*y + 99. What is g(5)?
69
Let b(v) = v**2 + 4657*v - 1408471. Give b(285).
-1
Let f(x) = -9*x**2 + 11716*x - 11715. Give f(1).
-8
Let l(f) = -4*f**3 - 182*f**2 + 685*f - 54. Calculate l(-49).
-5
Let x(b) = 33*b**2 + 6388*b + 28486. Give x(-189).
-53
Let d(k) = k**2 + 56*k - 86514. What is d(267)?
-273
Let z(v) = 3960*v - 15115. Calculate z(4).
725
Let b(i) = -i**3 - 240*i**2 - 4188*i + 114. Determine b(-19).
-95
Let u(g) = -g**3 - 958*g**2 - 4503*g + 249685. What is u(-953)?
-1
Let d(b) = 3506*b + 38539. What is d(-11)?
-27
Let t(w) = 120*w + 2095. Determine t(-15).
295
Let x(a) = -7*a**3 + 9*a**2 + 109*a - 112. Calculate x(1).
-1
Let a(n) = -14*n**2 - 2853*n + 12208. Give a(-208).
-64
Let x(l) = 79*l**2 + 2177*l - 146562. Determine x(-59).
-6
Let v(l) = -l**3 + 98*l**2 - 30*l + 22986. Calculate v(100).
-14
Let o(c) = -c**3 + 54*c**2 - 555*c - 2741. Give o(37).
-3
Let j(z) = 4*z**3 - 71*z**2 + 93*z - 2000. What is j(18)?
-2
Let w(g) = -3*g**2 - 6473*g + 170337. Calculate w(26).
11
Let s(a) = -6*a**3 + 320*a**2 - 104*a - 105. What is s(53)?
1
Let x(i) = 69*i**2 + 780*i - 192. Calculate x(-12).
384
Let f(x) = x**3 - 11*x**2 - 1144*x + 485. Calculate f(-29).
21
Let a(b) = 3*b**2 + 1399*b + 23233. Determine a(-17).
317
Let m(z) = 483*z - 206. Give m(-1).
-689
Let b(n) = -77*n**3 - 5231*n**2 + 341*n + 63. Determine b(-68).
-5
Let u(l) = -l**2 - 111*l + 8749. What is u(54)?
-161
Let i(b) = -3*b**3 + 2673*b**2 + 2669*b + 6269. Give i(892).
25
Let y(c) = -2834*c + 8502. What is y(3)?
0
Let i(g) = 2*g**3 + 525*g**2 + 253*g - 2351. Calculate i(-262).
7
Let p(x) = -11*x**3 + 358*x**2 - 705*x - 3. Give p(2).
-69
Let b(i) = -2*i**3 - 12*i**2 + 2*i - 132. Calculate b(-8).
108
Let l(i) = 31731*i + 317301. Give l(-10).
-9
Let j(d) = 3292*d + 141660. Determine j(-43).
104
Let s(d) = 7*d**2 - 9163*d + 36646. Determine s(4).
106
Let u(a) = 2001*a**3 - 2*a**2 + 42*a + 45. What is u(-1)?
-2000
Let l(z) = 2*z**3 - 690*z**2 + 696*z - 2808. What is l(344)?
-56
Let c(t) = -1674*t**2 - 16746*t - 67. What is c(-10)?
-7
Let m(g) = -g**3 + 29*g**2 + 52*g - 83. Determine m(27).
2779
Let g(u) = u**3 - 37*u**2 - 547*u - 181. Determine g(-11).
28
Let q(j) = 7*j**3 - 24*j**2 + 35*j - 125. What is q(7)?
1345
Let z(j) = 7*j**2 - 507*j + 7651. Calculate z(19).
545
Let k(i) = -1514*i - 293840. Calculate k(-194).
-124
Let l(a) = -9*a**2 - 516*a + 12719. Determine l(-76).
-49
Let y(i) = 1257*i + 21145. Calculate y(-16).
1033
Let r(z) = 2*z**3 + 10*z**2 + 206*z - 459. Give r(2).
9
Let j(h) = -h**2 - 132*h - 4179. Calculate j(-56).
77
Let s(p) = 16103*p - 15898. Determine s(1).
205
Let m(g) = -g**3 + 20*g**2 - 7*g + 231. What is m(16)?
1143
Let q(k) = -k**3 - 148*k**2 - 4398*k - 59482. Calculate q(-114).
26
Let v(o) = -3*o**2 + 36118*o + 289131. Determine v(-8).
-5
Let g(t) = -t**3 + 9*t**2 - 140*t - 149. Give g(-1).
1
Let i(m) = -m**3 + 70*m**2 + 262*m + 1890. Calculate i(74).
-626
Let v(f) = -12970*f - 1271063. Calculate v(-98).
-3
Let t(l) = -4*l**3 - 534*l**2 + 82952*l + 2943. What is t(92)?
-1
Let r(l) = l**3 - 32*l**2 - 923*l - 407. Calculate r(-18).
7
Let w(y) = 955*y + 112649. What is w(-118)?
-41
Let k(s) = 318*s**3 + 13*s - 23. Give k(2).
2547
Let a(f) = -8*f**2 - 49*f + 371. What is a(8)?
-533
Let f(y) = -115*y - 17303. What is f(-149)?
-168
Let k(l) = 37*l**2 + 401*l - 4585. What is k(9)?
2021
Let t(z) = -5470*z + 22072. Give t(4).
192
Let v(o) = -6338*o + 31694. Calculate v(5).
4
Let u(g) = -3*g**3 - 260*g**2 + 58*g - 480. What is u(-87)?
2043
Let k(y) = -10*y**2 - 47*y - 11. Calculate k(-8).
-275
Let i(c) = -3336*c - 1077538. Calculate i(-323).
-10
Let y(b) = b**2 + 105*b + 2886. What is y(-63)?
240
Let f(v) = -v**3 - 19*v**2 - 27*v + 66. Determine f(-3).
3
Let c(z) = -z**2 - 100*z - 2466. Calculate c(-44).
-2
Let m(r) = -82*r**2 - 14764*r - 658. Determine m(-180).
62
Let m(f) = -1935*f + 356083. Calculate m(184).
43
Let s(a) = -6*a**2 + 53*a + 30. Calculate s(8).
70
Let l(q) = q**3 - 37*q**2 + 139*q - 45. Determine l(33).
186
Let d(y) = -2*y**3 - 50*y**2 - 143*y - 1785. What is d(-24)?
495
Let i(j) = 91431*j + 12251753. What is i(-134)?
-1
Let s(q) = -q**2 + 560*q - 20851. Give s(39).
-532
Let q(v) = -2*v**3 + 25*v**2 + 231*v - 2798. Determine q(13).
36
Let n(f) = -1549*f - 12396. What is n(-8)?
-4
Let z(f) = f**3 + 40*f**2 + 36*f + 5723. Calculate z(-42).
683
Let t(m) = -73*m**2 + 465*m + 50. Determine t(6).
212
Let n(o) = -6*o**3 - 548*o**2 - 716*o + 193. What is n(-90)?
-167
Let q(t) = t**3 - 177*t**2 - 12106*t - 19306. Determine q(230).
14
Let i(t) = -2257*t + 23118. Give i(11).
-1709
Let q(o) = -45*o**3 + 360*o**2 + 2049*o - 16530. What is q(8)?
-138
Let b(x) = 16*x**3 - 74*x**2 + 104*x - 564. Determine b(5).
106
Let b(v) = v**3 - 16*v**2 - 295*v + 260. What is b(26)?
-650
Let j(t) = 20947*t - 2325122. What is j(111)?
-5
Let h(k) = 70*k - 13942. Calculate h(213).
968
Let m(d) = 49*d**2 - 541*d - 3788. Give m(-7).
2400
Let i(l) = -5*l**2 + 784*l - 17093. What is i(23)?
-1706
Let g(y) = y**2 - 1612*y - 135368. Give g(-80).
-8
Let a(r) = -21119*r + 633380. Calculate a(30).
-190
Let b(n) = n**3 - 686*n**2 - 38365*n + 576. Calculate b(-52).
4
Let g(x) = -195407*x + 390796. Give g(2).
-18
Let h(r) = -161076*r - 1771840. Calculate h(-11).
-4
Let u(o) = -2474*o + 16117. What is u(7)?
-1201
Let o(q) = 2*q**2 - 58110*q + 232431. Give o(4).
23
Let p(r) = 11589*r + 938657. Calculate p(-81).
-52
Let z(o) = -6*o**3 - 236*o**2 + 159*o + 78. Calculate z(-40).
118
Let p(k) = -k**3 - 98*k + 35. Give p(0).
35
Let u(m) = 4725*m - 2546769. Determine u(539).
6
Let a(r) = -51063*r + 561856